[INFO] cloning repository https://github.com/cosmicexplorer/fusion-summon
[INFO] running `Command { std: "git" "-c" "credential.helper=" "-c" "credential.helper=/workspace/cargo-home/bin/git-credential-null" "clone" "--bare" "https://github.com/cosmicexplorer/fusion-summon" "/workspace/cache/git-repos/https%3A%2F%2Fgithub.com%2Fcosmicexplorer%2Ffusion-summon", kill_on_drop: false }`
[INFO] [stderr] Cloning into bare repository '/workspace/cache/git-repos/https%3A%2F%2Fgithub.com%2Fcosmicexplorer%2Ffusion-summon'...
[INFO] running `Command { std: "git" "rev-parse" "HEAD", kill_on_drop: false }`
[INFO] [stdout] 066d9dcf086160b6a231cd4a1d9b562dfa1c9748
[INFO] checking cosmicexplorer/fusion-summon against try#72f88fc4e9458f89516a0b8b0868f3718aec5b47 for pr-74989
[INFO] running `Command { std: "git" "clone" "/workspace/cache/git-repos/https%3A%2F%2Fgithub.com%2Fcosmicexplorer%2Ffusion-summon" "/workspace/builds/worker-12/source", kill_on_drop: false }`
[INFO] [stderr] Cloning into '/workspace/builds/worker-12/source'...
[INFO] [stderr] done.
[INFO] validating manifest of git repo https://github.com/cosmicexplorer/fusion-summon on toolchain 72f88fc4e9458f89516a0b8b0868f3718aec5b47
[INFO] running `Command { std: "/workspace/cargo-home/bin/cargo" "+72f88fc4e9458f89516a0b8b0868f3718aec5b47" "read-manifest" "--manifest-path" "Cargo.toml", kill_on_drop: false }`
[INFO] started tweaking git repo https://github.com/cosmicexplorer/fusion-summon
[INFO] removed path dependency fuse-sys from git repo https://github.com/cosmicexplorer/fusion-summon
[INFO] finished tweaking git repo https://github.com/cosmicexplorer/fusion-summon
[INFO] tweaked toml for git repo https://github.com/cosmicexplorer/fusion-summon written to /workspace/builds/worker-12/source/Cargo.toml
[INFO] crate git repo https://github.com/cosmicexplorer/fusion-summon already has a lockfile, it will not be regenerated
[INFO] running `Command { std: "/workspace/cargo-home/bin/cargo" "+72f88fc4e9458f89516a0b8b0868f3718aec5b47" "fetch" "--locked" "--manifest-path" "Cargo.toml", kill_on_drop: false }`
[INFO] [stderr] warning: dependency (fuse-sys) specified without providing a local path, Git repository, or version to use. This will be considered an error in future versions
[INFO] [stderr]     Updating crates.io index
[INFO] [stderr] error: the lock file /workspace/builds/worker-12/source/Cargo.lock needs to be updated but --locked was passed to prevent this
[INFO] [stderr] If you want to try to generate the lock file without accessing the network, use the --offline flag.
[INFO] the lockfile is outdated, regenerating it
[INFO] running `Command { std: "/workspace/cargo-home/bin/cargo" "+72f88fc4e9458f89516a0b8b0868f3718aec5b47" "generate-lockfile" "--manifest-path" "Cargo.toml" "-Zno-index-update", kill_on_drop: false }`
[INFO] running `Command { std: "/workspace/cargo-home/bin/cargo" "+72f88fc4e9458f89516a0b8b0868f3718aec5b47" "fetch" "--locked" "--manifest-path" "Cargo.toml", kill_on_drop: false }`
[INFO] [stderr] warning: dependency (fuse-sys) specified without providing a local path, Git repository, or version to use. This will be considered an error in future versions
[INFO] [stderr]     Blocking waiting for file lock on package cache
[INFO] [stderr]  Downloading crates ...
[INFO] [stderr]   Downloaded fuse-sys v0.0.0
[INFO] running `Command { std: "docker" "create" "-v" "/var/lib/crater-agent-workspace/builds/worker-12/target:/opt/rustwide/target:rw,Z" "-v" "/var/lib/crater-agent-workspace/builds/worker-12/source:/opt/rustwide/workdir:ro,Z" "-v" "/var/lib/crater-agent-workspace/cargo-home:/opt/rustwide/cargo-home:ro,Z" "-v" "/var/lib/crater-agent-workspace/rustup-home:/opt/rustwide/rustup-home:ro,Z" "-e" "SOURCE_DIR=/opt/rustwide/workdir" "-e" "CARGO_TARGET_DIR=/opt/rustwide/target" "-e" "CARGO_HOME=/opt/rustwide/cargo-home" "-e" "RUSTUP_HOME=/opt/rustwide/rustup-home" "-w" "/opt/rustwide/workdir" "-m" "1610612736" "--user" "0:0" "--network" "none" "rustops/crates-build-env@sha256:d92eaeed33fa75130ca1ee6c8a01d1ffb62bac859dfdfb3450e3e5d1c0146529" "/opt/rustwide/cargo-home/bin/cargo" "+72f88fc4e9458f89516a0b8b0868f3718aec5b47" "metadata" "--no-deps" "--format-version=1", kill_on_drop: false }`
[INFO] [stdout] b0994b6f0d438134a08bc4193fa0811d7cb73e83a32f6b7279e02e6151eab29a
[INFO] [stderr] WARNING: Your kernel does not support swap limit capabilities or the cgroup is not mounted. Memory limited without swap.
[INFO] running `Command { std: "docker" "start" "-a" "b0994b6f0d438134a08bc4193fa0811d7cb73e83a32f6b7279e02e6151eab29a", kill_on_drop: false }`
[INFO] running `Command { std: "docker" "inspect" "b0994b6f0d438134a08bc4193fa0811d7cb73e83a32f6b7279e02e6151eab29a", kill_on_drop: false }`
[INFO] running `Command { std: "docker" "rm" "-f" "b0994b6f0d438134a08bc4193fa0811d7cb73e83a32f6b7279e02e6151eab29a", kill_on_drop: false }`
[INFO] [stdout] b0994b6f0d438134a08bc4193fa0811d7cb73e83a32f6b7279e02e6151eab29a
[INFO] running `Command { std: "docker" "create" "-v" "/var/lib/crater-agent-workspace/builds/worker-12/target:/opt/rustwide/target:rw,Z" "-v" "/var/lib/crater-agent-workspace/builds/worker-12/source:/opt/rustwide/workdir:ro,Z" "-v" "/var/lib/crater-agent-workspace/cargo-home:/opt/rustwide/cargo-home:ro,Z" "-v" "/var/lib/crater-agent-workspace/rustup-home:/opt/rustwide/rustup-home:ro,Z" "-e" "SOURCE_DIR=/opt/rustwide/workdir" "-e" "CARGO_TARGET_DIR=/opt/rustwide/target" "-e" "CARGO_INCREMENTAL=0" "-e" "RUST_BACKTRACE=full" "-e" "RUSTFLAGS=--cap-lints=forbid" "-e" "CARGO_HOME=/opt/rustwide/cargo-home" "-e" "RUSTUP_HOME=/opt/rustwide/rustup-home" "-w" "/opt/rustwide/workdir" "-m" "1610612736" "--user" "0:0" "--network" "none" "rustops/crates-build-env@sha256:d92eaeed33fa75130ca1ee6c8a01d1ffb62bac859dfdfb3450e3e5d1c0146529" "/opt/rustwide/cargo-home/bin/cargo" "+72f88fc4e9458f89516a0b8b0868f3718aec5b47" "check" "--frozen" "--all" "--all-targets" "--message-format=json", kill_on_drop: false }`
[INFO] [stdout] 97cc61cd6497b4f682f25c142d9b71a4025bec7fe49242a3b338f9dcafd5652c
[INFO] [stderr] WARNING: Your kernel does not support swap limit capabilities or the cgroup is not mounted. Memory limited without swap.
[INFO] running `Command { std: "docker" "start" "-a" "97cc61cd6497b4f682f25c142d9b71a4025bec7fe49242a3b338f9dcafd5652c", kill_on_drop: false }`
[INFO] [stderr] warning: dependency (fuse-sys) specified without providing a local path, Git repository, or version to use. This will be considered an error in future versions
[INFO] [stderr]     Checking fuse-sys v0.0.0
[INFO] [stderr]     Checking fusion-summon v0.0.1 (/opt/rustwide/workdir)
[INFO] [stdout] error[E0432]: unresolved imports `fuse_sys::fuse_conn_info`, `fuse_sys::fuse_file_info`, `fuse_sys::fuse_fill_dir_t`, `fuse_sys::fuse_operations`, `fuse_sys::mode_t`, `fuse_sys::off_t`
[INFO] [stdout]   --> src/main.rs:20:16
[INFO] [stdout]    |
[INFO] [stdout] 20 | use fuse_sys::{fuse_conn_info, fuse_file_info, fuse_fill_dir_t,
[INFO] [stdout]    |                ^^^^^^^^^^^^^^  ^^^^^^^^^^^^^^  ^^^^^^^^^^^^^^^ no `fuse_fill_dir_t` in the root
[INFO] [stdout]    |                |               |
[INFO] [stdout]    |                |               no `fuse_file_info` in the root
[INFO] [stdout]    |                no `fuse_conn_info` in the root
[INFO] [stdout] 21 |                fuse_operations, mode_t, off_t};
[INFO] [stdout]    |                ^^^^^^^^^^^^^^^  ^^^^^^  ^^^^^ no `off_t` in the root
[INFO] [stdout]    |                |                |
[INFO] [stdout]    |                |                no `mode_t` in the root
[INFO] [stdout]    |                no `fuse_operations` in the root
[INFO] [stdout] 
[INFO] [stdout] 
[INFO] [stdout] error[E0412]: cannot find type `fuse_operations` in crate `fuse_sys`
[INFO] [stdout]   --> src/main.rs:83:24
[INFO] [stdout]    |
[INFO] [stdout] 83 |   op: *const fuse_sys::fuse_operations,
[INFO] [stdout]    |                        ^^^^^^^^^^^^^^^ not found in `fuse_sys`
[INFO] [stdout] 
[INFO] [stdout] 
[INFO] [stdout] error[E0425]: cannot find function `fuse_main_real` in crate `fuse_sys`
[INFO] [stdout]   --> src/main.rs:85:13
[INFO] [stdout]    |
[INFO] [stdout] 85 |   fuse_sys::fuse_main_real(
[INFO] [stdout]    |             ^^^^^^^^^^^^^^ not found in `fuse_sys`
[INFO] [stdout] 
[INFO] [stdout] 
[INFO] [stdout] error[E0412]: cannot find type `stat` in crate `fuse_sys`
[INFO] [stdout]    --> src/main.rs:116:28
[INFO] [stdout]     |
[INFO] [stdout] 116 |   stat_ptr: *mut fuse_sys::stat,
[INFO] [stdout]     |                            ^^^^ not found in `fuse_sys`
[INFO] [stdout]     |
[INFO] [stdout] help: consider importing one of these items
[INFO] [stdout]     |
[INFO] [stdout] 4   | use libc::stat;
[INFO] [stdout]     |
[INFO] [stdout] 4   | use std::os::linux::raw::stat;
[INFO] [stdout]     |
[INFO] [stdout] 
[INFO] [stdout] 
[INFO] [stdout] error[E0412]: cannot find type `stat` in crate `fuse_sys`
[INFO] [stdout]    --> src/main.rs:117:24
[INFO] [stdout]     |
[INFO] [stdout] 117 | ) -> &'a mut fuse_sys::stat {
[INFO] [stdout]     |                        ^^^^ not found in `fuse_sys`
[INFO] [stdout]     |
[INFO] [stdout] help: consider importing one of these items
[INFO] [stdout]     |
[INFO] [stdout] 4   | use libc::stat;
[INFO] [stdout]     |
[INFO] [stdout] 4   | use std::os::linux::raw::stat;
[INFO] [stdout]     |
[INFO] [stdout] 
[INFO] [stdout] 
[INFO] [stdout] error[E0412]: cannot find type `stat` in crate `fuse_sys`
[INFO] [stdout]    --> src/main.rs:139:24
[INFO] [stdout]     |
[INFO] [stdout] 139 |   stat: &mut fuse_sys::stat,
[INFO] [stdout]     |                        ^^^^ not found in `fuse_sys`
[INFO] [stdout]     |
[INFO] [stdout] help: consider importing one of these items
[INFO] [stdout]     |
[INFO] [stdout] 4   | use libc::stat;
[INFO] [stdout]     |
[INFO] [stdout] 4   | use std::os::linux::raw::stat;
[INFO] [stdout]     |
[INFO] [stdout] 
[INFO] [stdout] 
[INFO] [stdout] error[E0412]: cannot find type `stat` in crate `fuse_sys`
[INFO] [stdout]    --> src/main.rs:149:24
[INFO] [stdout]     |
[INFO] [stdout] 149 |   stat: &mut fuse_sys::stat
[INFO] [stdout]     |                        ^^^^ not found in `fuse_sys`
[INFO] [stdout]     |
[INFO] [stdout] help: consider importing one of these items
[INFO] [stdout]     |
[INFO] [stdout] 4   | use libc::stat;
[INFO] [stdout]     |
[INFO] [stdout] 4   | use std::os::linux::raw::stat;
[INFO] [stdout]     |
[INFO] [stdout] 
[INFO] [stdout] 
[INFO] [stdout] error[E0412]: cannot find type `stat` in crate `fuse_sys`
[INFO] [stdout]    --> src/main.rs:160:29
[INFO] [stdout]     |
[INFO] [stdout] 160 |   mut stbuf: &mut fuse_sys::stat,
[INFO] [stdout]     |                             ^^^^ not found in `fuse_sys`
[INFO] [stdout]     |
[INFO] [stdout] help: consider importing one of these items
[INFO] [stdout]     |
[INFO] [stdout] 4   | use libc::stat;
[INFO] [stdout]     |
[INFO] [stdout] 4   | use std::os::linux::raw::stat;
[INFO] [stdout]     |
[INFO] [stdout] 
[INFO] [stdout] 
[INFO] [stdout] error[E0412]: cannot find type `stat` in crate `fuse_sys`
[INFO] [stdout]    --> src/main.rs:173:29
[INFO] [stdout]     |
[INFO] [stdout] 173 |   stbuf_ptr: *mut fuse_sys::stat,
[INFO] [stdout]     |                             ^^^^ not found in `fuse_sys`
[INFO] [stdout]     |
[INFO] [stdout] help: consider importing one of these items
[INFO] [stdout]     |
[INFO] [stdout] 4   | use libc::stat;
[INFO] [stdout]     |
[INFO] [stdout] 4   | use std::os::linux::raw::stat;
[INFO] [stdout]     |
[INFO] [stdout] 
[INFO] [stdout] 
[INFO] [stdout] error[E0425]: cannot find value `O_ACCMODE` in crate `fuse_sys`
[INFO] [stdout]    --> src/main.rs:260:51
[INFO] [stdout]     |
[INFO] [stdout] 260 |   let access: u32 = (fi.flags as u32) & fuse_sys::O_ACCMODE;
[INFO] [stdout]     |                                                   ^^^^^^^^^ not found in `fuse_sys`
[INFO] [stdout]     |
[INFO] [stdout] help: consider importing this constant
[INFO] [stdout]     |
[INFO] [stdout] 4   | use libc::O_ACCMODE;
[INFO] [stdout]     |
[INFO] [stdout] 
[INFO] [stdout] 
[INFO] [stdout] error[E0425]: cannot find value `O_RDONLY` in crate `fuse_sys`
[INFO] [stdout]    --> src/main.rs:261:26
[INFO] [stdout]     |
[INFO] [stdout] 261 |   if access == fuse_sys::O_RDONLY {
[INFO] [stdout]     |                          ^^^^^^^^ not found in `fuse_sys`
[INFO] [stdout]     |
[INFO] [stdout] help: consider importing this constant
[INFO] [stdout]     |
[INFO] [stdout] 4   | use libc::O_RDONLY;
[INFO] [stdout]     |
[INFO] [stdout] 
[INFO] [stdout] 
[INFO] [stdout] warning: unused import: `OsString`
[INFO] [stdout]  --> src/main.rs:6:44
[INFO] [stdout]   |
[INFO] [stdout] 6 | use std::ffi::{self, CStr, CString, OsStr, OsString};
[INFO] [stdout]   |                                            ^^^^^^^^
[INFO] [stdout]   |
[INFO] [stdout]   = note: `#[warn(unused_imports)]` on by default
[INFO] [stdout] 
[INFO] [stdout] 
[INFO] [stdout] error[E0432]: unresolved imports `fuse_sys::fuse_conn_info`, `fuse_sys::fuse_file_info`, `fuse_sys::fuse_fill_dir_t`, `fuse_sys::fuse_operations`, `fuse_sys::mode_t`, `fuse_sys::off_t`
[INFO] [stdout]   --> src/main.rs:20:16
[INFO] [stdout]    |
[INFO] [stdout] 20 | use fuse_sys::{fuse_conn_info, fuse_file_info, fuse_fill_dir_t,
[INFO] [stdout]    |                ^^^^^^^^^^^^^^  ^^^^^^^^^^^^^^  ^^^^^^^^^^^^^^^ no `fuse_fill_dir_t` in the root
[INFO] [stdout]    |                |               |
[INFO] [stdout]    |                |               no `fuse_file_info` in the root
[INFO] [stdout]    |                no `fuse_conn_info` in the root
[INFO] [stdout] 21 |                fuse_operations, mode_t, off_t};
[INFO] [stdout]    |                ^^^^^^^^^^^^^^^  ^^^^^^  ^^^^^ no `off_t` in the root
[INFO] [stdout]    |                |                |
[INFO] [stdout]    |                |                no `mode_t` in the root
[INFO] [stdout]    |                no `fuse_operations` in the root
[INFO] [stdout] 
[INFO] [stdout] 
[INFO] [stdout] error[E0412]: cannot find type `fuse_operations` in crate `fuse_sys`
[INFO] [stdout]   --> src/main.rs:83:24
[INFO] [stdout]    |
[INFO] [stdout] 83 |   op: *const fuse_sys::fuse_operations,
[INFO] [stdout]    |                        ^^^^^^^^^^^^^^^ not found in `fuse_sys`
[INFO] [stdout] 
[INFO] [stdout] 
[INFO] [stdout] error[E0425]: cannot find function `fuse_main_real` in crate `fuse_sys`
[INFO] [stdout]   --> src/main.rs:85:13
[INFO] [stdout]    |
[INFO] [stdout] 85 |   fuse_sys::fuse_main_real(
[INFO] [stdout]    |             ^^^^^^^^^^^^^^ not found in `fuse_sys`
[INFO] [stdout] 
[INFO] [stdout] 
[INFO] [stdout] error[E0412]: cannot find type `stat` in crate `fuse_sys`
[INFO] [stdout]    --> src/main.rs:116:28
[INFO] [stdout]     |
[INFO] [stdout] 116 |   stat_ptr: *mut fuse_sys::stat,
[INFO] [stdout]     |                            ^^^^ not found in `fuse_sys`
[INFO] [stdout]     |
[INFO] [stdout] help: consider importing one of these items
[INFO] [stdout]     |
[INFO] [stdout] 4   | use libc::stat;
[INFO] [stdout]     |
[INFO] [stdout] 4   | use std::os::linux::raw::stat;
[INFO] [stdout]     |
[INFO] [stdout] 
[INFO] [stdout] 
[INFO] [stdout] error[E0412]: cannot find type `stat` in crate `fuse_sys`
[INFO] [stdout]    --> src/main.rs:117:24
[INFO] [stdout]     |
[INFO] [stdout] 117 | ) -> &'a mut fuse_sys::stat {
[INFO] [stdout]     |                        ^^^^ not found in `fuse_sys`
[INFO] [stdout]     |
[INFO] [stdout] help: consider importing one of these items
[INFO] [stdout]     |
[INFO] [stdout] 4   | use libc::stat;
[INFO] [stdout]     |
[INFO] [stdout] 4   | use std::os::linux::raw::stat;
[INFO] [stdout]     |
[INFO] [stdout] 
[INFO] [stdout] 
[INFO] [stdout] error[E0412]: cannot find type `stat` in crate `fuse_sys`
[INFO] [stdout]    --> src/main.rs:139:24
[INFO] [stdout]     |
[INFO] [stdout] 139 |   stat: &mut fuse_sys::stat,
[INFO] [stdout]     |                        ^^^^ not found in `fuse_sys`
[INFO] [stdout]     |
[INFO] [stdout] help: consider importing one of these items
[INFO] [stdout]     |
[INFO] [stdout] 4   | use libc::stat;
[INFO] [stdout]     |
[INFO] [stdout] 4   | use std::os::linux::raw::stat;
[INFO] [stdout]     |
[INFO] [stdout] 
[INFO] [stdout] 
[INFO] [stdout] error[E0412]: cannot find type `stat` in crate `fuse_sys`
[INFO] [stdout]    --> src/main.rs:149:24
[INFO] [stdout]     |
[INFO] [stdout] 149 |   stat: &mut fuse_sys::stat
[INFO] [stdout]     |                        ^^^^ not found in `fuse_sys`
[INFO] [stdout]     |
[INFO] [stdout] help: consider importing one of these items
[INFO] [stdout]     |
[INFO] [stdout] 4   | use libc::stat;
[INFO] [stdout]     |
[INFO] [stdout] 4   | use std::os::linux::raw::stat;
[INFO] [stdout]     |
[INFO] [stdout] 
[INFO] [stdout] 
[INFO] [stdout] error[E0412]: cannot find type `stat` in crate `fuse_sys`
[INFO] [stdout]    --> src/main.rs:160:29
[INFO] [stdout]     |
[INFO] [stdout] 160 |   mut stbuf: &mut fuse_sys::stat,
[INFO] [stdout]     |                             ^^^^ not found in `fuse_sys`
[INFO] [stdout]     |
[INFO] [stdout] help: consider importing one of these items
[INFO] [stdout]     |
[INFO] [stdout] 4   | use libc::stat;
[INFO] [stdout]     |
[INFO] [stdout] 4   | use std::os::linux::raw::stat;
[INFO] [stdout]     |
[INFO] [stdout] 
[INFO] [stdout] 
[INFO] [stdout] error[E0412]: cannot find type `stat` in crate `fuse_sys`
[INFO] [stdout]    --> src/main.rs:173:29
[INFO] [stdout]     |
[INFO] [stdout] 173 |   stbuf_ptr: *mut fuse_sys::stat,
[INFO] [stdout]     |                             ^^^^ not found in `fuse_sys`
[INFO] [stdout]     |
[INFO] [stdout] help: consider importing one of these items
[INFO] [stdout]     |
[INFO] [stdout] 4   | use libc::stat;
[INFO] [stdout]     |
[INFO] [stdout] 4   | use std::os::linux::raw::stat;
[INFO] [stdout]     |
[INFO] [stdout] 
[INFO] [stdout] 
[INFO] [stdout] error[E0425]: cannot find value `O_ACCMODE` in crate `fuse_sys`
[INFO] [stdout]    --> src/main.rs:260:51
[INFO] [stdout]     |
[INFO] [stdout] 260 |   let access: u32 = (fi.flags as u32) & fuse_sys::O_ACCMODE;
[INFO] [stdout]     |                                                   ^^^^^^^^^ not found in `fuse_sys`
[INFO] [stdout]     |
[INFO] [stdout] help: consider importing this constant
[INFO] [stdout]     |
[INFO] [stdout] 4   | use libc::O_ACCMODE;
[INFO] [stdout]     |
[INFO] [stdout] 
[INFO] [stdout] 
[INFO] [stdout] error[E0425]: cannot find value `O_RDONLY` in crate `fuse_sys`
[INFO] [stdout]    --> src/main.rs:261:26
[INFO] [stdout]     |
[INFO] [stdout] 261 |   if access == fuse_sys::O_RDONLY {
[INFO] [stdout]     |                          ^^^^^^^^ not found in `fuse_sys`
[INFO] [stdout]     |
[INFO] [stdout] help: consider importing this constant
[INFO] [stdout]     |
[INFO] [stdout] 4   | use libc::O_RDONLY;
[INFO] [stdout]     |
[INFO] [stdout] 
[INFO] [stdout] 
[INFO] [stdout] warning: unused import: `OsString`
[INFO] [stdout]  --> src/main.rs:6:44
[INFO] [stdout]   |
[INFO] [stdout] 6 | use std::ffi::{self, CStr, CString, OsStr, OsString};
[INFO] [stdout]   |                                            ^^^^^^^^
[INFO] [stdout]   |
[INFO] [stdout]   = note: `#[warn(unused_imports)]` on by default
[INFO] [stdout] 
[INFO] [stdout] 
[INFO] [stdout] error: aborting due to 11 previous errors; 1 warning emitted
[INFO] [stdout] 
[INFO] [stdout] 
[INFO] [stdout] Some errors have detailed explanations: E0412, E0425, E0432.
[INFO] [stdout] 
[INFO] [stdout] For more information about an error, try `rustc --explain E0412`.
[INFO] [stdout] 
[INFO] [stderr] error: could not compile `fusion-summon`.
[INFO] [stderr] 
[INFO] [stderr] To learn more, run the command again with --verbose.
[INFO] [stderr] warning: build failed, waiting for other jobs to finish...
[INFO] [stdout] error: aborting due to 11 previous errors; 1 warning emitted
[INFO] [stdout] 
[INFO] [stdout] 
[INFO] [stdout] Some errors have detailed explanations: E0412, E0425, E0432.
[INFO] [stdout] 
[INFO] [stdout] For more information about an error, try `rustc --explain E0412`.
[INFO] [stdout] 
[INFO] [stderr] error: build failed
[INFO] running `Command { std: "docker" "inspect" "97cc61cd6497b4f682f25c142d9b71a4025bec7fe49242a3b338f9dcafd5652c", kill_on_drop: false }`
[INFO] running `Command { std: "docker" "rm" "-f" "97cc61cd6497b4f682f25c142d9b71a4025bec7fe49242a3b338f9dcafd5652c", kill_on_drop: false }`
[INFO] [stdout] 97cc61cd6497b4f682f25c142d9b71a4025bec7fe49242a3b338f9dcafd5652c
